, 7
Let r = 0 - 6. Let l = -2 - r. Suppose 2*a + l = f, -5*f + 4*a - 2*a + 44 = 0. List the prime factors of f.
2, 5
Let c(l) = 11*l**2 - 32*l - 24. Let o(v) = -4*v**2 + 11*v + 8. Let y(j) = -3*c(j) - 8*o(j). Let s be y(9). What are the prime factors of (-7)/(21/(-36)) - s?
13
Let j(y) = -y + 5. Let k be j(5). Suppose k*q - 3*q - 3*c = -27, 4*c + 68 = 4*q. List the prime factors of q.
13
Let w = 36 + -26. Let g = w + 23. Suppose 3*k - 5*p - g = 0, -4*k - k - 3*p = -55. What are the prime factors of k?
11
Suppose 2*g - g - 167 = 0. List the prime factors of g.
167
Suppose 2*k + 4 = 14. Suppose -6 - 56 = 2*c - 2*s, -k*c - 167 = -2*s. What are the prime factors of (-480)/c + (-4)/(-14)?
2, 7
Let n(j) = j**2 + 5*j - 5. Let w be -1 + 0 - (-1 + 6). Let l be n(w). List the prime factors of -2*l + 0 + 6.
2
Suppose 0 = c + 4*c - 2*h - 75, 0 = -c - 3*h + 15. Suppose u - 2*b - 14 = -0, -3*u + c = 3*b. List the prime factors of u.
2
Suppose -4*w - 3*w + 700 = 0. List the prime factors of w.
2, 5
Suppose -219 = -2*i + 9. What are the prime factors of i?
2, 3, 19
Suppose -10 = 4*r - 6*r, 239 = 2*m + 3*r. List the prime factors of m.
2, 7
Suppose -v - 2*v = -180. Suppose -4*a - a + v = 0. List the prime factors of a.
2, 3
Let r(m) be the second derivative of m**4 + m**3/2 + m**2/2 - 5*m. What are the prime factors of r(-2)?
43
Let n = 25 - 12. List the prime factors of n.
13
Let j(n) = -n**3 + 11*n**2 + 2*n - 11. Let i(b) = b**3 - 11*b**2 - 2*b + 10. Let c(h) = 2*i(h) + 3*j(h). What are the prime factors of c(11)?
3
Let b = -66 + 36. Let p be -3*(b/9 - 0). Suppose 9*g - 4*g = p. List the prime factors of g.
2
Let a be ((-6)/(-7))/((-6)/294). What are the prime factors of (-4)/(-5 + 1) - a?
43
Suppose -5*j + 4*j + 202 = r, 2*r + 616 = 3*j. List the prime factors of j.
2, 3, 17
Let w = 6 - 2. What are the prime factors of 3/6 - (-58)/w?
3, 5
Suppose -2*f + 7*f - 2 = -h, 4*f = 2*h - 32. List the prime factors of h.
2, 3
Let f(g) = -g + 1. Let m(w) = -w**2 - 8*w - 1. Let z(d) = 5*f(d) + m(d). List the prime factors of z(-13).
2
List the prime factors of ((-6)/5)/((-1)/170).
2, 3, 17
Suppose -2*c + 4*c - 3*s = 153, -4*s = 5*c - 417. What are the prime factors of c?
3
Suppose 0 = -3*q + 18 + 33. List the prime factors of q.
17
Let t be 37 - (1*-2 + 2). Let a = t + -23. List the prime factors of a.
2, 7
Let f be 3/((-6)/(-2))*61. Suppose -5*r = 106 - 1. What are the prime factors of (-6)/r + f/7?
3
Let n(q) = 5*q**2 + q + 1. Suppose 0 = 3*x + 5 + 1. What are the prime factors of n(x)?
19
Let t = -68 + 96. What are the prime factors of t?
2, 7
Let r = -6 + 4. Let c(k) = 3 + k**2 + 3*k**3 + k**2 - 4*k**3 + 4*k. What are the prime factors of c(r)?
11
Let j = -4 - -6. Suppose -2*t + 4 = j*q, 0*t - 22 = -5*q - t. Suppose q*h = 61 - 6. What are the prime factors of h?
11
Let v = 59 - 36. Let b be (-16)/72 - 14/18. Let l = v + b. What are the prime factors of l?
2, 11
Let r = 72 + -38. List the prime factors of r.
2, 17
Suppose 150 = 5*h - 0*h. Let v = 44 - h. List the prime factors of ((-3)/(-3))/(2/v).
7
Let z = 9 + -5. Suppose 2*q - 5*c = 5*q + 19, -z*q = 2*c + 2. What are the prime factors of q?
2
Suppose d + 182 = 6*d - h, 49 = d + 4*h. Suppose -d = -3*r - 5*c, 2*r = 4*c - 20 + 8. Suppose 0*f - r*f = -44. List the prime factors of f.
11
Suppose -49 = -k + 26. Suppose -4 = m + c - 31, -2*m = -5*c - k. Suppose -3*x - 3*g + m = -6, 12 = x + 5*g. List the prime factors of x.
2, 3
Let h be 3/(-6)*0/(-2). Let v = -8 - h. What are the prime factors of (-29)/(-4) + 2/v?
7
Let b(i) = 8*i - 10. Let p be b(8). List the prime factors of ((-15)/(-10))/(3/p).
3
Let m = 95 - 54. What are the prime factors of m?
41
What are the prime factors of 291/6 + 2/4?
7
Let s = -20 + 3. Let g be (-1 - 0)*25/(-1). Let i = g + s. What are the prime factors of i?
2
Let o(h) = -h**3 - 8*h**2 - 5*h - 3. Let s be o(-6). What are the prime factors of (8/6)/((-10)/s)?
2, 3
Suppose 3*w - 2 = 7. Suppose 92 = 2*k + w*i, -3*k + 2*i = 4*i - 133. What are the prime factors of k?
43
Suppose -224 = -3*a - a. Suppose -4*d + 0*d = -a. List the prime factors of d.
2, 7
Let p = 6 - -5. Let a = p - 7. List the prime factors of a.
2
Suppose 9*k - 72 - 810 = 0. List the prime factors of k.
2, 7
Suppose g - 21 - 35 = 0. List the prime factors of g.
2, 7
Let k be (-5 + 2)*290/6. Let u = -101 - k. List the prime factors of u.
2, 11
Let y be 2 + 1 + -2 + -1. Suppose r + 2*r = y. Suppose q = 5*h - h - 39, r = 2*h - 5*q - 33. What are the prime factors of h?
3
Let s(n) = -n**2 + 4*n - 8. Let d(v) = v**2 - 4*v + 9. Let o(u) = -6*d(u) - 7*s(u). List the prime factors of o(5).
7
Let a(v) = -8*v**2 - v**3 + 0*v**2 - 8*v - v**2 + 2. Let o be a(-8). Suppose -3*k - 4*r + 9 = 0, -o*r = -2*k - 1 + 21. What are the prime factors of k?
7
Let b = 76 - 51. What are the prime factors of b?
5
Let f = 168 + -148. List the prime factors of f.
2, 5
Suppose -x - 5*s + 5 = -3, -3*x + 5 = -4*s. Suppose 4 = x*o - o. Suppose -k - 4*c + 8*c - 8 = 0, o*k = -3*c + 28. What are the prime factors of k?
2
Let p(g) = g**2 - 5*g. Let i be p(6). Let l(x) = 4*x + 2. List the prime factors of l(i).
2, 13
Let n = -387 + 639. What are the prime factors of n?
2, 3, 7
Let b = 28 + -2. What are the prime factors of b?
2, 13
Suppose -a - 5*i + 215 = 4*a, a + 4*i = 55. What are the prime factors of a?
3, 13
Let g(q) = q + 6. What are the prime factors of g(4)?
2, 5
Suppose 2*b - 1 = -5. Let n be (8/(-10) + 0)*-5. Let f = n - b. What are the prime factors of f?
2, 3
Let m = 63 + -101. What are the prime factors of (3 - m/(-10))*-20?
2
Let o(s) = 29*s + 24. What are the prime factors of o(6)?
2, 3, 11
Suppose 5*y = 4*z + 147, y = -z + 6*y - 33. Let i = -26 - z. What are the prime factors of i?
2, 3
Let d be -7 - -1 - (3 + -5). Let r(i) be the third derivative of -i**6/120 - i**5/30 + i**4/4 + i**3/2 - 10*i**2. What are the prime factors of r(d)?
11
Let z be (2 + 3/(-1))*5. Let i be (9/4)/(z/(-40)). Let a = 33 - i. List the prime factors of a.
3, 5
Let n(j) = 2*j**3 - 3*j**3 - 1 + 15. Let u(g) = -g + 2. Let b be u(2). What are the prime factors of n(b)?
2, 7
Suppose -f = -1 - 4. Suppose -d - d + 4*p + 24 = 0, -20 = f*p. What are the prime factors of d?
2
Let u(q) = 41*q**2 + 1. List the prime factors of u(-1).
2, 3, 7
Let z = 111 + -53. List the prime factors of z.
2, 29
Let y be 237/5 - 39/(-65). Suppose -5*w = -15 - 0, y = 4*j - 4*w. List the prime factors of j.
3, 5
Let j(q) = 4*q + 20. Let p be j(-6). Let h(l) = -2*l + 1. Let y(c) = c - 1. Let d(g) = 3*h(g) + 2*y(g). List the prime factors of d(p).
17
Let n(i) = -i**3 - 6*i**2 + 5*i - 6. Let o be n(-7). Suppose -o = -3*v + 10. List the prime factors of (28/(-10))/(v/(-15)).
7
List the prime factors of (23/1)/(1/1).
23
Let f = 16 + -11. Suppose -2*b - 13 + 85 = -f*w, -4*b + 144 = 5*w. What are the prime factors of b?
2, 3
Let x be 6/(2 - 7 - -3). What are the prime factors of 4/x*(-5 - -2)?
2
Let f(g) = 3*g**2 - 5*g + 2. Let w be f(4). Let d = -17 + w. Let r = d - 4. What are the prime factors of r?
3
Suppose 2*a - 24 = -2*r + 5*a, -2*r + a + 32 = 0. Suppose -y + r = -0*y. What are the prime factors of y?
2, 3
Let o(g) = g**3 + 4*g**2 - 6*g - 2. Let x be o(-5). Suppose -k + 3*k = -4*a - 108, -x*a - 107 = 2*k. Let c = -37 - k. What are the prime factors of c?
3, 5
Let l(u) = -u**3 - 7*u**2 + 8. What are the prime factors of l(-7)?
2
Let g(w) = w**2 + 7*w + 7. Let c be -1 - -2 - (1 + 5). Let h be g(c). List the prime factors of 1 + h*(-3)/9.
2
Let i(p) = p**2 + 3. Let k be i(-3). Let q = -8 + k. What are the prime factors of q?
2
Let q be ((4*-2)/(-2))/(-2). Let n be (q/3)/((-2)/(-6)). List the prime factors of 30*(-3)/15*n.
2, 3
Suppose 0 = 2*u - 3*p + 5*p + 4, 6 = -3*p. Suppose 2*m + o - 4*o - 28 = u, -5*m + 59 = -2*o. What are the prime factors of m?
11
List the prime factors of (-2150)/(-20) - (2 + 10/(-4)).
2, 3
Suppose -10*z = -15*z + 600. List the prime factors of z.
2, 3, 5
Let l(x) = 7*x**2 - 3*x - 3. List the prime factors of l(-2).
31
Let r(a) be the third derivative of 1/30*a**5 - a**2 - 1/120*a**6 - 1/6*a**3 + 0*a + 1/6*a**4 + 0. List the prime factors of r(3).
2
Let w be 42/5 - (-6)/(-15). List the prime factors of (8 - 0) + (w - 9).
7
Let o(c) = c + 5. Let p be o(-3). Suppose -p*f + 12 = 3*i - 